 is the remainder when x is divided by 2?
1
Suppose 5*t + 2640 = -10*t. Calculate the remainder when 101 is divided by t/(-28) - (-6)/(-21).
5
Suppose -5*w = -3*c + 32, -5*c + 45 + 65 = 3*w. Calculate the remainder when 206 is divided by c.
16
Calculate the remainder when ((-7014)/63)/(2/(-3)) is divided by 8.
7
Let s(j) = 2 - 2 + j + 3 + 0. Let q be s(8). Let t = q - -6. What is the remainder when 65 is divided by t?
14
Let c be -6*(-2 + (-688)/(-12)). Calculate the remainder when c/(-3) + 3 + 24/(-9) is divided by 14.
13
Let n(g) = 5*g + 88. What is the remainder when 245 is divided by n(-14)?
11
Let h = 813 + -760. What is the remainder when h is divided by 6?
5
Suppose -4*b - 128 = -0*b. Let a = -19 - b. Calculate the remainder when 25 is divided by a.
12
Let t = 118 + -101. Suppose 4*f + a - 28 = 0, -5*f + 14 = -5*a + a. Calculate the remainder when t is divided by f.
5
Let r = -15 + 23. What is the remainder when (-25)/10 + 1 - 94/(-4) is divided by r?
6
Let b = -47 - -62. Let o(i) = 4 + 2 + 5*i + 5*i + 2. What is the remainder when o(5) is divided by b?
13
Suppose -57 = -12*l + 171. Calculate the remainder when l is divided by 7.
5
Let p be (-21)/42*86/(-1). Let c = p - 16. Calculate the remainder when c is divided by 14.
13
Let w(r) = r + 2. Let g be w(-7). Let d(k) = 5 + 8*k**2 + k**3 + 12*k**2 - 14*k**2 + 2*k. Calculate the remainder when 37 is divided by d(g).
17
What is the remainder when 38 + 0/(-3 - -2) is divided by 3/(7 - (-959)/(-140))?
18
Let t(g) = -37*g - 1. Let b be t(2). Let h = b - -152. Calculate the remainder when h is divided by 13.
12
Suppose 5*r - 147 = -2*o + 54, 207 = 5*r + 4*o. What is the remainder when r is divided by 16?
7
Let c = -37 + 73. Let f = -28 + c. Calculate the remainder when 31 is divided by f.
7
Let q = 1 + -12. Let z = 15 + q. Suppose r - 250 = -z*r. What is the remainder when r is divided by 17?
16
Let p = -26 - -59. Let s be 0*3/(24/4). Suppose 4*m + 662 = 5*u, m + 393 = 3*u - s*u. What is the remainder when u is divided by p?
31
Let s(a) = a**2 + a - 1. Let o be s(-3). Let h(u) = -5*u - 3. Let k be h(o). Calculate the remainder when 13 is divided by k/(-6) - 14/21.
1
Suppose -v - 2*m + 20 = -4, -2*v = -5*m - 93. What is the remainder when v is divided by 21?
13
Let c(a) = 43*a + 7. What is the remainder when 195 is divided by c(1)?
45
Let i be ((-104)/10)/((-18)/45). Let o = 48 - i. What is the remainder when 43 is divided by o?
21
Suppose -60 = -3*g + 36. Suppose 2*b - g = 6. What is the remainder when 69 is divided by b?
12
Calculate the remainder when -7*4*(-33)/3 is divided by 62.
60
Suppose 8*o = 12 + 68. Suppose -19 = -l + 3*w, w + 131 = 2*l + 2*l. What is the remainder when l is divided by (o - -4) + (-4)/(-8)*-4?
10
What is the remainder when 276 is divided by -6*((-2)/(-10) - 2744/420)?
10
Suppose -a - a + t = -76, -205 = -5*a - 5*t. Calculate the remainder when 270 is divided by a.
36
Suppose -3*q = -2*n - 6*q + 1718, 0 = 5*n - 5*q - 4320. Calculate the remainder when n is divided by 48.
46
Let s(a) = 2*a**2 + 5*a - 7. Let m be s(-4). Suppose m*v = 662 - 217. What is the remainder when v is divided by 24?
17
Suppose 20 = 3*l + 2*l. Let j = 0 + 10. Calculate the remainder when 2*(81/(-24))/((-1)/l) is divided by j.
7
Suppose -60 - 28 = -4*r. Suppose -r = -3*j + 185. What is the remainder when j is divided by 19?
12
Suppose -3*l = 5*l + 240. Calculate the remainder when 110 - 0 - (-5 - l/6) is divided by 28.
26
Suppose -314 = -5*a - 4*p + 3*p, 59 = a + 4*p. What is the remainder when a is divided by 18/1 - (1 - 0)?
12
Suppose 985 + 412 = 11*p. Calculate the remainder when p is divided by 10.
7
Let y = -520 - -908. What is the remainder when y is divided by 30?
28
Suppose 3*a + 2 = -7, 2*m - 5*a = 97. Calculate the remainder when 367 is divided by m.
39
Suppose o + 2*b + 234 = 0, 6*b - 441 = 2*o + b. Calculate the remainder when (2/(-6))/(4/o) is divided by 10.
9
What is the remainder when (123/2)/(33/6 + -4) is divided by 21?
20
Let y(r) = -r**3 - 3*r**2 + 3*r + 86. Calculate the remainder when y(-7) is divided by 68.
57
Let b(w) = -w**2 - 14*w - 11. Let h be b(-13). Suppose 0 = s + h*i - 39, -s + 26 = -i - 28. Calculate the remainder when s is divided by 17.
15
Let y(o) = -o**3 + 20*o**2 + 23*o - 7. What is the remainder when 1047 is divided by y(21)?
32
Suppose 4*l + 0*n - 512 = -n, -2*n - 266 = -2*l. Suppose 455 = 12*q + 59. Calculate the remainder when l is divided by q.
30
What is the remainder when 208 is divided by 1/((-1)/7)*-3?
19
Let v = 7 + -3. Suppose -c - 2*m + 44 = 3*m, 4*m = v*c - 152. Suppose 8*x - 3*r - 44 = 3*x, r + 28 = 3*x. Calculate the remainder when c is divided by x.
9
Let y be (-1)/(-2) - 483/(-6). Suppose 0 = -0*z - z - y. Let v = -19 - z. Calculate the remainder when v is divided by 16.
14
Suppose -8*q + 336 = -4*q. Suppose 3*d + q = 3*a, -2*a - 2*d + 110 = 34. Calculate the remainder when a is divided by 17.
16
Suppose -2*y - 115 = -4*t - 5*y, 5*t - 4*y = 136. What is the remainder when 166 is divided by t?
26
Suppose 4*s + 5*w = 95, -5*w + 53 = 2*s + 8. What is the remainder when 64 is divided by s?
14
Suppose -2*n - 36 = -70. Calculate the remainder when 83 is divided by n.
15
Let c(n) = 2*n - 3. Let l(q) = q + 6. Let y be l(-3). Let b(i) = -i. Let o(r) = y*b(r) + c(r). Calculate the remainder when 8 is divided by o(-8).
3
Let t(z) = -z**3 - z**2 - z + 15. Let h be t(0). What is the remainder when 253 is divided by (160/h)/((-3)/(-9))?
29
Let p = 367 - 338. Suppose 7*s = 3*s - 140. Calculate the remainder when (-2005)/s - (-2)/(-7) is divided by p.
28
Let m = 7 - -28. Let n = m + -19. Calculate the remainder when 43 is divided by n.
11
Let q be 21*5/(-45)*-6. What is the remainder when 68 is divided by 94/q + 16/56?
5
Let h(g) = 86*g + 33. Calculate the remainder when h(7) is divided by 13.
11
Let t = 2584 - 1410. Calculate the remainder when t is divided by 56.
54
Let r = 255 + -150. Suppose 6*g = g + r. Suppose -t + 83 - 23 = 0. What is the remainder when t is divided by g?
18
Let r(i) = -i**2 - 25*i - 117. Calculate the remainder when 37 is divided by r(-8).
18
Let n(b) = -2*b + 21*b - 18*b**2 + 23 + 17*b**2. Suppose 3*x + i = 33, -3*x - 5*i = -2*x + 3. What is the remainder when n(19) is divided by x?
11
Let o = 396 - 228. Suppose 0 = 4*h + 4*k - 246 + 18, 0 = h - 4*k - 57. Calculate the remainder when o is divided by h.
54
Suppose -41 = -20*p + 79. Calculate the remainder when p is divided by 1.
0
Let b(i) = -i**2 - 6*i - 2. Let p be b(-5). Suppose -231 - 336 = 27*j. Calculate the remainder when 52 is divided by (j/(-1) - p)*1.
16
Suppose -2*d = -3*n + 20, -2 = 2*n - 3*d - 17. Suppose n*a + 35 = 221. What is the remainder when 123 is divided by a?
30
Let z = 200 - 173. Calculate the remainder when z is divided by 4.
3
Suppose 3*y - 90 = -2*y. Suppose m - 15 = -b + y, -5*b + 57 = 2*m. Let a = -19 + 32. Calculate the remainder when m is divided by a.
10
Let u = 32 + -17. Suppose -t + 0*w + u = 5*w, 4*w - 4 = 0. What is the remainder when t is divided by 6?
4
Let j(g) = -g**3 - 18*g**2 + 22. Let t = 9 + 26. Suppose -3*h = 4*z - t, h + 3*z - 10 + 0 = 0. What is the remainder when j(-18) is divided by h?
9
Let v = -467 - -496. Let z = 1 + 1. Suppose -4*j + 18 = -3*j + z*w, 2*w = j - 2. What is the remainder when v is divided by j?
9
Let x = 526 + -514. What is the remainder when 128 is divided by x?
8
Let b = -8 - -8. Suppose 2*q - 435 = 5*w - 0*w, b = 3*w - 15. Suppose 8*l - q = 3*l. What is the remainder when l is divided by 16?
14
Suppose -2*u + 7 + 10 = g, -3*u + 50 = 5*g. What is the remainder when 17 is divided by g?
3
Let g = 266 + -261. Calculate the remainder when 39 is divided by g.
4
Suppose 12*s - 5*s - 56 = 0. Suppose 0 = -2*h + 5*f + 17, -3*f - 67 = -4*h - 4*f. Suppose -4*z + 64 + h = 0. Calculate the remainder when z is divided by s.
4
Suppose -2*g - 120 = -6*g. Calculate the remainder when 103 is divided by g.
13
Suppose -28 + 7 = -3*c. Suppose 2*i + 2*r = 58, i - c - 7 = 2*r. Let b = i + -14. Calculate the remainder when 28 is divided by b.
8
Suppose -17*a - 1581 = -5100. What is the remainder when a is divided by 8?
7
What is the remainder when 344 is divided by (-9 - (-141)/15)*80?
24
Suppose 57*o = 55*o + 52. What is the remainder w